y 8.
4
Calculate the remainder when 3032 is divided by 22.
18
Calculate the remainder when 570 is divided by 115.
110
Calculate the remainder when 140 is divided by 10.
0
Calculate the remainder when 22198 is divided by 148.
146
Calculate the remainder when 128 is divided by 17.
9
What is the remainder when 42 is divided by 16?
10
What is the remainder when 4957 is divided by 29?
27
What is the remainder when 25617 is divided by 70?
67
What is the remainder when 454 is divided by 115?
109
Calculate the remainder when 2505 is divided by 63.
48
What is the remainder when 21749 is divided by 29?
28
What is the remainder when 142 is divided by 42?
16
What is the remainder when 186 is divided by 11?
10
What is the remainder when 3535 is divided by 8?
7
Calculate the remainder when 7828 is divided by 54.
52
What is the remainder when 439 is divided by 135?
34
Calculate the remainder when 4590 is divided by 7.
5
Calculate the remainder when 2194 is divided by 729.
7
What is the remainder when 1499 is divided by 748?
3
Calculate the remainder when 175 is divided by 47.
34
What is the remainder when 1392 is divided by 21?
6
What is the remainder when 222 is divided by 46?
38
What is the remainder when 44 is divided by 18?
8
Calculate the remainder when 1693 is divided by 335.
18
What is the remainder when 883 is divided by 37?
32
What is the remainder when 525 is divided by 31?
29
Calculate the remainder when 114 is divided by 55.
4
What is the remainder when 1355 is divided by 12?
11
What is the remainder when 5288 is divided by 46?
44
Calculate the remainder when 370 is divided by 30.
10
What is the remainder when 1466 is divided by 56?
10
What is the remainder when 131 is divided by 64?
3
What is the remainder when 1774 is divided by 89?
83
What is the remainder when 292 is divided by 8?
4
Calculate the remainder when 1626 is divided by 542.
0
Calculate the remainder when 117 is divided by 16.
5
Calculate the remainder when 235 is divided by 34.
31
What is the remainder when 1182 is divided by 300?
282
What is the remainder when 470 is divided by 147?
29
What is the remainder when 117 is divided by 4?
1
Calculate the remainder when 615 is divided by 244.
127
Calculate the remainder when 1821 is divided by 66.
39
Calculate the remainder when 103 is divided by 25.
3
Calculate the remainder when 5299 is divided by 19.
17
Calculate the remainder when 60 is divided by 21.
18
Calculate the remainder when 365 is divided by 121.
2
What is the remainder when 1212 is divided by 20?
12
What is the remainder when 3505 is divided by 46?
9
Calculate the remainder when 136 is divided by 20.
16
Calculate the remainder when 836 is divided by 12.
8
Calculate the remainder when 733 is divided by 159.
97
What is the remainder when 151 is divided by 53?
45
What is the remainder when 762 is divided by 72?
42
Calculate the remainder when 1223 is divided by 68.
67
Calculate the remainder when 2357 is divided by 20.
17
What is the remainder when 52 is divided by 21?
10
What is the remainder when 254 is divided by 64?
62
Calculate the remainder when 249 is divided by 111.
27
Calculate the remainder when 788 is divided by 88.
84
What is the remainder when 26 is divided by 7?
5
Calculate the remainder when 9119 is divided by 16.
15
What is the remainder when 647 is divided by 11?
9
Calculate the remainder when 3443 is divided by 123.
122
Calculate the remainder when 2072 is divided by 259.
0
What is the remainder when 1379 is divided by 23?
22
Calculate the remainder when 667 is divided by 67.
64
What is the remainder when 169 is divided by 5?
4
Calculate the remainder when 1874 is divided by 468.
2
What is the remainder when 738 is divided by 531?
207
Calculate the remainder when 370 is divided by 47.
41
What is the remainder when 112 is divided by 6?
4
What is the remainder when 114 is divided by 9?
6
What is the remainder when 7095 is divided by 788?
3
Calculate the remainder when 1231 is divided by 56.
55
Calculate the remainder when 124 is divided by 66.
58
What is the remainder when 262 is divided by 213?
49
Calculate the remainder when 3633 is divided by 182.
175
Calculate the remainder when 2043 is divided by 506.
19
Calculate the remainder when 191 is divided by 13.
9
What is the remainder when 258 is divided by 10?
8
Calculate the remainder when 463 is divided by 29.
28
What is the remainder when 280 is divided by 26?
20
Calculate the remainder when 1757 is divided by 301.
252
Calculate the remainder when 286 is divided by 111.
64
Calculate the remainder when 20708 is divided by 190.
188
Calculate the remainder when 125 is divided by 4.
1
Calculate the remainder when 120 is divided by 36.
12
What is the remainder when 30 is divided by 2?
0
What is the remainder when 563 is divided by 27?
23
What is the remainder when 562 is divided by 30?
22
What is the remainder when 38 is divided by 19?
0
Calculate the remainder when 178 is divided by 6.
4
What is the remainder when 109 is divided by 37?
35
What is the remainder when 653 is divided by 73?
69
Calculate the remainder when 10 is divided by 2.
0
Calculate the remainder when 279 is divided by 43.
21
What is the remainder when 104 is divided by 4?
0
Calculate the remainder when 321 is divided by 81.
78
What is the remainder when 69 is divided by 12?
9
What is the remainder when 1301 is divided by 31?
30
Calculate the remainder when 635 is divided by 4.
3
Calculate the remainder when 229 is divided by 65.
34
Calculate the remainder when 580 is divided by 107.
45
What is the remainder when 84 is divided by 39?
6
What is the remainder when 83 is divided by 42?
41
Calculate the remainder when 298 is divided by 60.
58
Calculate the remainder when 294 is divided by 48.
6
Calculate the remainder when 25 is divided by 24.
1
What is the remainder when 3801 is divided by 136?
129
Calculate the remainder when 305 is divided by 76.
1
Calculate the remainder when 149 is divided by 26.
19
Calculate the remainder when 609 is divided by 36.
33
Calculate the remainder when 587 is divided by 12.
11
What is the remainder when 747 is divided by 26?
19
What is the remainder when 34 is divided by 9?
7
Calculate the remainder when 6499 is divided by 24.
19
Calculate the remainder when 3246 is divided by 28.
26
Calculate the remainder when 33 is divided by 17.
16
What is the remainder when 422 is divided by 33?
26
What is the remainder when 14181 is divided by 14?
13
What is the remainder when 251 is divided by 86?
79
Calculate the remainder when 407 is divided by 38.
27
What is the remainder when 958 is divided by 10?
8
What is the remainder when 2313 is divided by 88?
25
Calculate the remainder when 205 is divided by 65.
10
What is the remainder when 2985 is divided by 46?
41
What is the remainder when 13 is divided by 4?
1
What is the remainder when 59 is divided by 13?
7
What is the remainder when 211 is divided by 53?
52
What is the remainder when 200 is divided by 159?
41
Calculate the remainder when 3464 is divided by 27.
8
What is the remainder when 697 is divided by 97?
18
Calculate the remainder when 10 is divided by 7.
3
What is the remainder when 433 is divided by 31?
30
What is the remainder when 32 is divided by 9?
5
What is the remainder when 1625 is divided by 147?
8
Calculate the remainder when 696 is divided by 10.
6
Calculate the remainder when 12 is divided by 11.
1
Calculate the remainder when 131 is divided by 12.
11
What is the remainder when 556 is divided by 112?
108
Calculate the remainder when 167 is divided by 42.
41
What is the remainder when 2180 is divided by 14?
10
What is the remainder when 9 is divided by 4?
1
Calculate the remainder when 807 is divided by 149.
62
What is the remainder when 89 is divided by 16?
9
What is the remainder when 233 is divided by 118?
115
What is the remainder when 24 is divided by 17?
7
Calculate the remainder when 364 is divided by 110.
34
Calculate the remainder when 1688 is divided by 89.
86
Calculate the remainder when 498 is divided by 28.
22
Calculate the remainder when 283 is divided by 32.
27
Calculate the remainder when 53071 is divided by 7.
4
Calculate the remainder when 540 is divided by 175.
15
Calculate the remainder when 260 is divided by 32.
4
Calculate the rema